{"id":189,"date":"2025-01-16T13:28:28","date_gmt":"2025-01-16T13:28:28","guid":{"rendered":"https:\/\/hopeful-poincare.195-8-244-146.plesk.page\/?page_id=189"},"modified":"2025-02-05T11:54:38","modified_gmt":"2025-02-05T11:54:38","slug":"hausregeln","status":"publish","type":"page","link":"https:\/\/tigerjump.de\/?page_id=189","title":{"rendered":"Hausregeln"},"content":{"rendered":"\t\t<div data-elementor-type=\"wp-page\" data-elementor-id=\"189\" class=\"elementor elementor-189\" data-elementor-settings=\"{&quot;ha_cmc_init_switcher&quot;:&quot;no&quot;}\" data-elementor-post-type=\"page\">\n\t\t\t\t<div class=\"elementor-element elementor-element-268868e4 e-con-full e-flex e-con e-parent\" data-id=\"268868e4\" data-element_type=\"container\" data-e-type=\"container\" data-settings=\"{&quot;background_background&quot;:&quot;classic&quot;,&quot;_ha_eqh_enable&quot;:false}\">\n\t\t<div class=\"elementor-element elementor-element-e376d2c e-con-full e-flex e-con e-child\" data-id=\"e376d2c\" data-element_type=\"container\" data-e-type=\"container\" data-settings=\"{&quot;_ha_eqh_enable&quot;:false}\">\n\t\t\t\t<div class=\"elementor-element elementor-element-420e248 elementor-widget elementor-widget-theme-site-logo elementor-widget-image\" data-id=\"420e248\" data-element_type=\"widget\" data-e-type=\"widget\" data-settings=\"{&quot;_animation&quot;:&quot;none&quot;}\" data-widget_type=\"theme-site-logo.default\">\n\t\t\t\t<div class=\"elementor-widget-container\">\n\t\t\t\t\t\t\t\t\t\t\t<a href=\"https:\/\/tigerjump.de\">\n\t\t\t<img fetchpriority=\"high\" decoding=\"async\" width=\"520\" height=\"250\" src=\"https:\/\/tigerjump.de\/wp-content\/uploads\/2025\/01\/tiger_jump_logo.png\" class=\"attachment-full size-full wp-image-47\" alt=\"\" srcset=\"https:\/\/tigerjump.de\/wp-content\/uploads\/2025\/01\/tiger_jump_logo.png 520w, https:\/\/tigerjump.de\/wp-content\/uploads\/2025\/01\/tiger_jump_logo-300x144.png 300w\" sizes=\"(max-width: 520px) 100vw, 520px\" \/>\t\t\t\t<\/a>\n\t\t\t\t\t\t\t\t\t\t\t<\/div>\n\t\t\t\t<\/div>\n\t\t\t\t<div class=\"elementor-element elementor-element-10fd5dc9 elementor-invisible elementor-widget elementor-widget-heading\" data-id=\"10fd5dc9\" data-element_type=\"widget\" data-e-type=\"widget\" data-settings=\"{&quot;_animation&quot;:&quot;fadeInDown&quot;}\" data-widget_type=\"heading.default\">\n\t\t\t\t<div class=\"elementor-widget-container\">\n\t\t\t\t\t<h1 class=\"elementor-heading-title elementor-size-default\">Jump like a Tiger!<\/h1>\t\t\t\t<\/div>\n\t\t\t\t<\/div>\n\t\t\t\t<div class=\"elementor-element elementor-element-1d00fef elementor-invisible elementor-widget elementor-widget-text-editor\" data-id=\"1d00fef\" data-element_type=\"widget\" data-e-type=\"widget\" data-settings=\"{&quot;_animation&quot;:&quot;fadeInDown&quot;,&quot;_animation_delay&quot;:700}\" data-widget_type=\"text-editor.default\">\n\t\t\t\t<div class=\"elementor-widget-container\">\n\t\t\t\t\t\t\t\t\t<p>Welcome to the World of trampoline<\/p>\t\t\t\t\t\t\t\t<\/div>\n\t\t\t\t<\/div>\n\t\t\t\t<\/div>\n\t\t\t\t<\/div>\n\t\t<div class=\"elementor-element elementor-element-24f6a45 e-flex e-con-boxed e-con e-parent\" data-id=\"24f6a45\" data-element_type=\"container\" data-e-type=\"container\" data-settings=\"{&quot;_ha_eqh_enable&quot;:false}\">\n\t\t\t\t\t<div class=\"e-con-inner\">\n\t\t\t\t<div class=\"elementor-element elementor-element-fcd78a5 elementor-widget elementor-widget-spacer\" data-id=\"fcd78a5\" data-element_type=\"widget\" data-e-type=\"widget\" data-widget_type=\"spacer.default\">\n\t\t\t\t<div class=\"elementor-widget-container\">\n\t\t\t\t\t\t\t<div class=\"elementor-spacer\">\n\t\t\t<div class=\"elementor-spacer-inner\"><\/div>\n\t\t<\/div>\n\t\t\t\t\t\t<\/div>\n\t\t\t\t<\/div>\n\t\t\t\t<div class=\"elementor-element elementor-element-4ba4b1a elementor-widget elementor-widget-heading\" data-id=\"4ba4b1a\" data-element_type=\"widget\" data-e-type=\"widget\" data-widget_type=\"heading.default\">\n\t\t\t\t<div class=\"elementor-widget-container\">\n\t\t\t\t\t<h2 class=\"elementor-heading-title elementor-size-default\">Hausregeln<\/h2>\t\t\t\t<\/div>\n\t\t\t\t<\/div>\n\t\t\t\t<div class=\"elementor-element elementor-element-fdeafe4 elementor-widget elementor-widget-spacer\" data-id=\"fdeafe4\" data-element_type=\"widget\" data-e-type=\"widget\" data-widget_type=\"spacer.default\">\n\t\t\t\t<div class=\"elementor-widget-container\">\n\t\t\t\t\t\t\t<div class=\"elementor-spacer\">\n\t\t\t<div class=\"elementor-spacer-inner\"><\/div>\n\t\t<\/div>\n\t\t\t\t\t\t<\/div>\n\t\t\t\t<\/div>\n\t\t\t\t<div class=\"elementor-element elementor-element-a9eeead elementor-widget elementor-widget-text-editor\" data-id=\"a9eeead\" data-element_type=\"widget\" data-e-type=\"widget\" data-widget_type=\"text-editor.default\">\n\t\t\t\t<div class=\"elementor-widget-container\">\n\t\t\t\t\t\t\t\t\t<p><strong>Liebe Besucherin, lieber Besucher!&nbsp;<br><\/strong><\/p>\n<p>Vor Nutzung der Tigerjump Erlebnisfl\u00e4chen sind, neben diesen Benutzungsregeln, die Sicherheitsanweisungen in Form eines Sicherheitsblattes oder des Sicherheitsvideos und die Hinweise des Tigerteams aufmerksam zu verfolgen und zu beachten. Sie dienen vor allem der Vermeidung von Unf\u00e4llen und damit Eurer Sicherheit. Bei Nichtbeachtung riskiert Ihr als Folge schwerwiegende Verletzungen. Den Anweisungen des Tigerteams sind stets und sofort Folge zu leisten!&nbsp;<\/p>\n<p><strong>Gew\u00f6hnung an die K\u00f6rperspannung und Aufrechterhaltung der Konzentration&nbsp;<\/strong><br>Das Springen auf den Trampolinen erfordert K\u00f6rperspannung, Konzentration, Koordination und Muskelkraft. Gebt Eurem K\u00f6rper also Zeit, sich an die Trampoline zu gew\u00f6hnen. Die Aufmerksamkeit und K\u00f6rperspannung sollte immer hochgehalten werden. Achtet zudem darauf, dass Eure Knie beim Absprung, bei Drehungen in der Luft und bei der Landung Eurem Gesicht nicht gef\u00e4hrlich nah kommen. Lasst beim Springen die Zunge im Mund.&nbsp;<\/p>\n<p><strong>Saltos und gef\u00e4hrliche Tricks&nbsp;<\/strong><br>Saltos und andere Tricks sind gef\u00e4hrlich! Das Durchf\u00fchren von Tricks au\u00dferhalb der eigenen F\u00e4higkeiten, kann zu falschem Aufkommen, z. B. auf dem Kopf oder Hals, f\u00fchren. Schwerwiegende Verletzungen, k\u00f6nnen die Folge sein. Solche Tricks sollten nur von sehr ge\u00fcbten Springern gemacht werden. Sch\u00e4tzt Eure F\u00e4higkeiten realistisch ein, um Euch und Andere nicht zu gef\u00e4hrden.&nbsp;<\/p>\n<p><strong>Alkohol und Drogen sind nicht gestattet&nbsp;<\/strong><br>Das Benutzen der Trampolinfl\u00e4chen unter Alkohol- und Drogeneinfluss ist verboten.&nbsp;<\/p>\n<p><strong>Achtet auf Eure Gesundheit&nbsp;<\/strong><br>Solltet Ihr unter R\u00fccken-, Herz- oder anderen Beschwerden wie Asthma oder Diabetes leiden, so konsultiert vorher einen Arzt. Auch Schwangere sollten sich von einem Arzt \u00fcber das Risiko beim Trampolinspringen beraten lassen.&nbsp;<\/p>\n<p><strong>Kinder unter 9 Jahren nur mit Aufsicht&nbsp;<\/strong><br>Kinder unter 9 Jahren d\u00fcrfen nur unter Aufsicht eines Erwachsenen springen.&nbsp;<\/p>\n<p><strong>Langsames Betreten der Trampoline&nbsp;<\/strong><br>Achtet beim Betreten der Trampoline auf die Dynamik der Sprungfl\u00e4che. Zu schnelles Betreten der Trampoline f\u00fchrt zum Verlust der K\u00f6rperspannung.&nbsp;<\/p>\n<p><strong>Sprungzone und Grenzen des Trampolins beachten&nbsp;<\/strong><br>Beim Springen immer in der Mitte der Trampolinfl\u00e4che bleiben. Ein Sprung auf die Rahmen kann trotz der gepolsterten Abdeckungen zu schwerwiegenden Verletzungen f\u00fchren. Das gilt auch f\u00fcr die Sicherheitszonen um die Trampoline. Das Trampolin darf nicht mit einem Sprung verlassen werden.&nbsp;<br><strong><br>Die Sprungfl\u00e4che ist nicht zum Liegen oder Ausruhen gedacht&nbsp;<\/strong><br>Pausen sind au\u00dferhalb der Sprungfl\u00e4chen z.B. auf den Sitzb\u00e4nken oder anderen Sitzgelegenheiten m\u00f6glich.&nbsp;<\/p>\n<p><strong>Klettern verboten&nbsp;<\/strong><br>An W\u00e4nden und Netzen hochklettern oder h\u00e4ngen ist nicht gestattet.&nbsp;<\/p>\n<p><strong>Kein Rempeln, Schubsen oder Dr\u00e4ngeln&nbsp;<\/strong><br>Nehmt R\u00fccksicht und achtet auf andere Springer. St\u00f6rungen anderer Springer auf den Trampolinen k\u00f6nnen diese bei deren Landung stark gef\u00e4hrden.&nbsp;<\/p>\n<p><strong>Ein Springer pro Trampolin&nbsp;<\/strong><br>Das Springen von zwei oder mehreren Personen auf einem Trampolinfeld ist strengstens untersagt. Daher ist es verboten, auf besetzte Trampolinfelder zu laufen oder zu springen. Insbesondere Synchronspringen oder sog. \u201ekatapultieren\u201c ist gef\u00e4hrlich. Schwerwiegende Verletzungen k\u00f6nnen die Folge sein.&nbsp;<\/p>\n<p><strong>Tragen von angemessener Kleidung&nbsp;<\/strong><br>Die Kleidung sollte frei von Nieten, Rei\u00dfverschl\u00fcssen, Schlaufen oder B\u00e4ndern sein. H\u00f6r- und Sehhilfen sind abzulegen oder m\u00fcssen so beschaffen sein, dass sie sich beim Springen nicht vom Gesicht l\u00f6sen k\u00f6nnen. Das Tragen von Kopfbedeckungen jeglicher Art ist verboten. Es k\u00f6nnen jedoch gegen Pfand (Personalausweis\/Sch\u00fclerausweis\/F\u00fchrerschein) Sportkopft\u00fccher am Empfang geliehen werden. Schmuck und Piercings sind abzulegen. Die Taschen sind vorab zu leeren. Solltet Ihr lange Haare haben, bindet sie zu einem Zopf.&nbsp;<\/p>\n<p><strong>Sockenpflicht&nbsp;<\/strong><br>Das Springen ist nur mit speziellen Antirutschsocken erlaubt. Tigerjumpsocken sind an der Kasse erh\u00e4ltlich.&nbsp;<\/p>\n<p><strong>Fremde Gegenst\u00e4nde&nbsp;<\/strong><br>Das Springen mit Gegenst\u00e4nden wie Schl\u00fcssel, Mobiltelefon, Kamera etc. ist nicht gestattet. Dies kann ebenfalls zu schweren Verletzungen f\u00fchren.&nbsp;<\/p>\n<p><strong>Keine Speisen und Getr\u00e4nke&nbsp;<\/strong><br>S\u00e4mtliche Speisen und Getr\u00e4nke sowie Kaugummi kauen sind im Sprungbereich verboten.&nbsp;<\/p>\n<p><strong>Air Bag&nbsp;<\/strong><br>Die Landung im Air Bag muss immer gro\u00dffl\u00e4chig erfolgen. Daher erfordert der Sprung in den Air Bag eine gute K\u00f6rperbeherrschung und Sprung\u00fcbung. Saltos sind grunds\u00e4tzlich verboten. Das Eintauchen mit Kopf oder F\u00fc\u00dfen zuerst, oder im spitzen Winkel, kann zu schwerwiegenden Verletzungen f\u00fchren.<\/p>\n<p><strong>\u00dcberziehung der Sprungzeit<\/strong><br>Die Sprunghalle muss zum Ablauf der gebuchten Sprungzeit verlassen werden. Sollten 15 min. \u00fcberschritten werden, muss eine Sprungzeit f\u00fcr 60 min nachgebucht werden. Daf\u00fcr erheben wir eine Geb\u00fchr von 14,00\u20ac.<\/p>\t\t\t\t\t\t\t\t<\/div>\n\t\t\t\t<\/div>\n\t\t\t\t\t<\/div>\n\t\t\t\t<\/div>\n\t\t\t\t<\/div>\n\t\t","protected":false},"excerpt":{"rendered":"<p>Jump like a Tiger! Welcome to the World of trampoline Hausregeln Liebe Besucherin, lieber Besucher!&nbsp; Vor Nutzung der Tigerjump Erlebnisfl\u00e4chen sind, neben diesen Benutzungsregeln, die Sicherheitsanweisungen in Form eines Sicherheitsblattes oder des Sicherheitsvideos und die Hinweise des Tigerteams aufmerksam zu verfolgen und zu beachten. Sie dienen vor allem der Vermeidung von Unf\u00e4llen und damit Eurer [&hellip;]<\/p>\n","protected":false},"author":1,"featured_media":0,"parent":0,"menu_order":0,"comment_status":"closed","ping_status":"closed","template":"elementor_header_footer","meta":{"footnotes":""},"class_list":["post-189","page","type-page","status-publish","hentry"],"_links":{"self":[{"href":"https:\/\/tigerjump.de\/index.php?rest_route=\/wp\/v2\/pages\/189","targetHints":{"allow":["GET"]}}],"collection":[{"href":"https:\/\/tigerjump.de\/index.php?rest_route=\/wp\/v2\/pages"}],"about":[{"href":"https:\/\/tigerjump.de\/index.php?rest_route=\/wp\/v2\/types\/page"}],"author":[{"embeddable":true,"href":"https:\/\/tigerjump.de\/index.php?rest_route=\/wp\/v2\/users\/1"}],"replies":[{"embeddable":true,"href":"https:\/\/tigerjump.de\/index.php?rest_route=%2Fwp%2Fv2%2Fcomments&post=189"}],"version-history":[{"count":10,"href":"https:\/\/tigerjump.de\/index.php?rest_route=\/wp\/v2\/pages\/189\/revisions"}],"predecessor-version":[{"id":411,"href":"https:\/\/tigerjump.de\/index.php?rest_route=\/wp\/v2\/pages\/189\/revisions\/411"}],"wp:attachment":[{"href":"https:\/\/tigerjump.de\/index.php?rest_route=%2Fwp%2Fv2%2Fmedia&parent=189"}],"curies":[{"name":"wp","href":"https:\/\/api.w.org\/{rel}","templated":true}]}}